ose -u*y + 1485 = 3*y. List the prime factors of y.
3, 5
Let x(c) = c**3 + 20*c**2 + 20*c + 12. Let r be x(-18). Suppose -2*d = 5*j - r, d - 82 = -j + 5*d. List the prime factors of j.
2, 31
Let g be (-3)/(1/(-89)*1). Suppose 0*y = 3*y - g. List the prime factors of y.
89
Let z = -35 - -38. Suppose 144 = z*c - 2*h, 4*h - h + 9 = 0. What are the prime factors of c?
2, 23
Let s(z) = z**3 - 16*z**2 - 14*z - 1. Let l be 1550/90 - 2/9. What are the prime factors of s(l)?
2, 5
List the prime factors of (-66)/242 + (-17746)/(-11).
1613
Let c(w) = w**2 - 3*w - 12. Suppose 0 = -3*a + 3*m - 2*m - 19, 2*m = -a - 4. What are the prime factors of c(a)?
2, 3, 7
Let t be ((-72)/(-20))/((-9)/30). Let o = t + 13. List the prime factors of (-398)/(-8) + o/4.
2, 5
Suppose -48*x = -43*x - 60. What are the prime factors of 57/x + (-5)/(-20)?
5
Let m(j) = -j**2 + 7*j + 1. Let y be m(7). Let o = 4 + y. Suppose -4*d - i = -104, -2*d + i + 41 = -o. List the prime factors of d.
5
Let u be 5*(-24)/(-20)*1. Let t(y) = -y**2 + 4*y + 15. Let f be t(u). Suppose 79 = f*r - 41. What are the prime factors of r?
2, 5
Let i be (-5112)/27*9/4. What are the prime factors of (5 - i/15) + (-4)/10?
3, 11
Suppose 5*g + 4*l = 114, 0 = g - 5*g + 4*l + 120. Suppose 3*v - g = 5*w, -24 = -v - 3*v + 4*w. What are the prime factors of v?
2
Let h be (4/12 - 1)*-6. Let u(m) = 0 - 2 + 3 + h + 6*m - 3*m**3. What are the prime factors of u(-3)?
2, 17
Suppose 99 + 174 = t. List the prime factors of t.
3, 7, 13
Let c = 26 - 22. List the prime factors of (-1)/(1068/268 - c).
67
Suppose -2*w - 9 = 27. Let v(z) = -z**2 - 21*z + 9. What are the prime factors of v(w)?
3, 7
Let h(d) = 11*d**2 - 39*d - 5. List the prime factors of h(12).
11, 101
Let d be 10 - (-4 + (-14)/(-2)). Let t(x) = x**3 - 6*x**2 - 7*x + 7. Let z be t(d). Suppose -80 = -z*f + 3*f. List the prime factors of f.
2, 5
Let q(z) = 1 + 4*z - 3 - 14. Let u be q(9). Suppose u + 1 = 3*p. What are the prime factors of p?
7
Let u = -28 - -32. Suppose -a + 4*a - 84 = -3*i, -u*a - 56 = -2*i. What are the prime factors of i?
2, 7
Let w(h) = -h**2 + 7*h - 3. Let v be w(6). Suppose -2*k = v*k - 25, 2*p - 2*k - 2 = 0. Let n = p + 3. List the prime factors of n.
3
Let i be 8/10*5/(-2) - -7. Suppose -z + 53 = -i*y - 6, -68 = -z + 2*y. What are the prime factors of z?
2, 37
Suppose 31065 = 5*p + 3*y, 5*y + 24852 = -78*p + 82*p. List the prime factors of p.
3, 19, 109
Let c = -495 - -977. What are the prime factors of c?
2, 241
Suppose -4*j - 535 = -b + 29, 0 = -3*j. List the prime factors of b.
2, 3, 47
Let f = -1160 + 3151. List the prime factors of f.
11, 181
Suppose -2*y - 20 = o, -4*y - 11 = -o + 23. Let m = y + 23. List the prime factors of m.
2, 7
Let r = -6 + -3. Let n = 6 - r. List the prime factors of n.
3, 5
Suppose -1355 = -13*i + 218. What are the prime factors of i?
11
Let o(x) = x**3 + 7*x**2 - 5*x - 1. Let k be o(-6). Suppose -4*u + 8 = 0, -2*u - k = -r - 5*u. List the prime factors of r.
59
Let v(f) = f**2 - 7*f + 15. Let l be v(6). Suppose 11 = 4*r - l. Suppose -2*n - 132 = -r*n. List the prime factors of n.
2, 11
Let m(t) = 41*t + 183. What are the prime factors of m(14)?
757
Let q(f) = -2*f**2 + 49*f + 17. Suppose 32 = 2*i - 5*l, 2*l - 55 - 12 = -3*i. List the prime factors of q(i).
2, 41
Let c(r) = 9*r + 10. Suppose 0 = -v - y + 2, -v = 4*v + 2*y - 10. List the prime factors of c(v).
2, 7
Let l(w) = 45*w**2 - 8*w - 8. What are the prime factors of l(-3)?
421
Let l = -72 + 150. Let y = 11 + l. List the prime factors of y.
89
Let f be (1/2)/((-7)/(-168)). Suppose -2*j - f = 5*w - 1, -w - 3 = 0. Suppose -j*x - 19 = -3*x. What are the prime factors of x?
19
Suppose v + 0 = 3*s - 2, 4*v = -2*s + 20. Suppose 0 = s*j - j + 5*x + 11, -x = 4*j - 13. Suppose -5*g = -j*g - 22. What are the prime factors of g?
2, 11
List the prime factors of (-2)/9 + (-3)/81*-20337.
3, 251
Suppose 0 = -2*l + 3 - 331. What are the prime factors of (l/24)/((-2)/12)?
41
Let u = -22 + 21. Let m(n) = 105*n**2 - n. What are the prime factors of m(u)?
2, 53
Suppose 5*a - 17330 = 5*p + 4035, -3*a - 2*p + 12804 = 0. What are the prime factors of a?
2, 5, 7, 61
Let m(v) = -v**3 - 7*v**2 - 8*v - 9. Let q be m(-6). Suppose f = 2*u - 6*u + 109, 3*f - q*u = 357. What are the prime factors of f?
3, 13
Let z = 9 - 21. List the prime factors of (-1045)/(-20) + 3/z.
2, 13
Suppose -4*f + 676 = -1364. What are the prime factors of f?
2, 3, 5, 17
Let q = -270 - -396. List the prime factors of q.
2, 3, 7
Let w(g) = g**2 - g. Let t(q) = 4*q**2 + 11*q. Let u(h) = t(h) - 3*w(h). Let n be u(-15). Suppose 5*v + n = 155. What are the prime factors of v?
2, 7
Suppose 6*j = 3*j - 75. Let w = j - -13. What are the prime factors of (-500)/w - (-4)/(-6)?
41
Suppose -5*h - 39 = 11. Let m = -14 - -38. What are the prime factors of (12/h)/(m/(-160))?
2
Let p(n) = n**3 - 3*n**2 - 5*n + 6. Let s be p(4). Suppose -2*b - s*b + 104 = 0. Suppose 30 = 4*c + 5*o, 4*c - b = 3*o + 20. List the prime factors of c.
2, 5
Suppose -80*v = -41*v - 18408. What are the prime factors of v?
2, 59
Let a = 1896 + -420. What are the prime factors of a?
2, 3, 41
Let s be (-1)/7*-1 - 6534/(-126). Let b = 12 - 7. Suppose s = b*d - 4*r + r, 0 = -5*d - 4*r + 24. List the prime factors of d.
2
Let b = 705 - 418. List the prime factors of b.
7, 41
What are the prime factors of ((158228/(-6))/7)/((-2)/3)?
5651
Suppose -6*v + 504 = -36. What are the prime factors of v?
2, 3, 5
Suppose -25 = 6*b - 55. Let i(q) = 6*q - 12. What are the prime factors of i(b)?
2, 3
Suppose 5*y + 10 = 25. Suppose -y*w = -2*w. Suppose -5*o + 66 = 5*s - o, w = -2*o - 2. List the prime factors of s.
2, 7
Let l = -9 - -11. Let z be (-2 + l)/(4 - 1). Suppose 2*p - i - 36 = -z*p, 4*i - 27 = -p. What are the prime factors of p?
19
Suppose -2*p = -28*p + 16952. What are the prime factors of p?
2, 163
Let b(y) = y**2 - 9*y - 13. Suppose -47 - 8 = -5*k. Let c be b(k). Let n = c + 10. What are the prime factors of n?
19
Let v be (-120)/(-35) + 8/14. Suppose 4*u + 4*l + 106 = -58, 2*l - 164 = v*u. Let g = -18 - u. List the prime factors of g.
23
Let i(y) = -10*y - 2. Let b be -3 - ((-8 - -3) + -3). Suppose -9 = b*w + 6. List the prime factors of i(w).
2, 7
Let l = 1402 - 1095. What are the prime factors of l?
307
Let z = -36 + 42. Let r(l) = 8*l**2 + 2*l - 9. What are the prime factors of r(z)?
3, 97
Suppose w + w = 3*f - 8, -12 = 3*w - 5*f. Let r = w - -7. Suppose r*x = 7*x - 84. List the prime factors of x.
3, 7
Let s = 122 + -126. List the prime factors of (233/s)/(4/(-16)).
233
Let w(y) = y**3 + 3*y**2 - 6*y + 8. Let l be w(-6). Let b = l - -125. List the prime factors of b.
61
Suppose -16 = -4*f, 3*f - 227 = -5*z + 985. List the prime factors of 4/(-8)*z/(-2).
2, 3, 5
Suppose 5*m - 3 = -2*s + 1, m - 10 = -5*s. Let u = 3 - m. Suppose 5*y - 110 = 3*w, 2*y - u*w - 44 - 9 = 0. What are the prime factors of y?
19
Suppose 10*s = 4060 - 190. List the prime factors of s.
3, 43
Let x = -48 - -30. Let y = 52 - x. What are the prime factors of y?
2, 5, 7
Suppose -5*m = 5 - 30. Suppose -m*q + 154 + 621 = 0. What are the prime factors of q?
5, 31
Let t = -636 + 1023. Suppose 3*o = -4*y + 14 + t, -y = 3*o - 404. List the prime factors of o.
3, 5
Let t = -150 - -162. What are the prime factors of t?
2, 3
Let s = 68 - -744. List the prime factors of s.
2, 7, 29
Let b(v) = 3*v - 11. Let q be (9 - 2)*4/7. Suppose 0 = 2*u + 2*u + r - 20, q*u - 20 = 2*r. What are the prime factors of b(u)?
2
Suppose u = -5*x - 6 - 10, -3*x - 6 = u. List the prime factors of u/(-27) + (-1100)/(-6).
3, 61
Suppose -2*q - 2*p + 14 = -0*q, -2*q = -5*p + 21. Suppose -q*j = 3*j. Suppose -48 = -j*v - 4*v. What are the prime factors of v?
2, 3
Let x = 5 + 13. Let m be -2 - -2 - x/(-2). Suppose -55 + m = -2*g. What are the prime factors of g?
23
Let w = 3198 + -1695. What are the prime factors of w?
3, 167
Let z be -3 + 18 - 6/2. Let n = 5 + z. What are the prime factors of n?
17
Let u(v) = 51*v + 0 + 55*v + 24*v - 1. List the prime factors of u(1).
3, 43
Suppose 2*k + k - 15 = 0. Suppose k*l = l. Suppose l*u + 22 = u. List the prime factors of u.
2, 11
Suppose 74 = 4*z - 182. Let s = 152 - z. Suppose 3*l = -l + s. List the prime factors of l.
2, 11
Suppose -4*u + 2*v + 4 = -648, -3*u = -4*v - 484.